{"id":994,"date":"2024-09-07T10:33:34","date_gmt":"2024-09-07T08:33:34","guid":{"rendered":"https:\/\/dzikus.com.pl\/?post_type=product&#038;p=994"},"modified":"2024-09-07T10:33:34","modified_gmt":"2024-09-07T08:33:34","slug":"komplet-oliwa-duspo-wodoodporny-kurtka-spodnie-od-1c-do-15c","status":"publish","type":"product","link":"https:\/\/dzikus.com.pl\/?product=komplet-oliwa-duspo-wodoodporny-kurtka-spodnie-od-1c-do-15c","title":{"rendered":"Komplet Oliwa Duspo Wodoodporny kurtka + spodnie od -1\u00b0C do 15\u00b0C"},"content":{"rendered":"<h2 class=\"title\" style=\"text-align: center;\">Komplet Oliwa Duspo Wodoodporny kurtka + spodnie od -1\u00b0C do 15\u00b0C<\/h2>\n<p>&nbsp;<\/p>\n<p>Komplet wykonany jest z SOFTSHELLU czyli materia\u0142 wiatroszczelny i nieprzemakalny do tego materia\u0142 DUSPO, kt\u00f3ry charakteryzuje si\u0119 wysok\u0105 g\u0119sto\u015bci\u0105 dzi\u0119ki czemu szybko nie ulega zniszczeniu czy te\u017c wyblakni\u0119ciu materia\u0142u.<\/p>\n<p>Jest wodoodporny i doskonale przepuszcza powietrze.<\/p>\n<p>Komplet sprawdzi si\u0119 idealnie dla my\u015bliwych jak r\u00f3wnie\u017c dla os\u00f3b pracuj\u0105cych w trudnych warunkach atmosferycznych.<\/p>\n<p>&nbsp;<\/p>\n<p style=\"text-align: center;\"><strong>Kurtka posiada:<\/strong><\/p>\n<ol>\n<li>kaptur za \u015bci\u0105gaczem ocieplony polarem,<\/li>\n<li>dwustronny suwak,<\/li>\n<li>5 kieszeni,<\/li>\n<li>\u015bci\u0105gacze na dole i na r\u0119kawach.<\/li>\n<li>wentylacja pod pachami regulowana suwakiem,<\/li>\n<li>gumk\u0119, kt\u00f3ra dociska kurtk\u0119 do cia\u0142a,<\/li>\n<li>chroni przed umiarkowanym deszczem i wiatrem,<\/li>\n<\/ol>\n<p>&nbsp;<\/p>\n<p style=\"text-align: center;\"><strong>Spodnie posiadaj\u0105:<\/strong><\/p>\n<ol>\n<li>gum\u0119 w pasie,<\/li>\n<li>\u015bci\u0105gacze na kostkach,<\/li>\n<li>odpinane i regulowane szelki,<\/li>\n<li>8 kieszeni:<\/li>\n<li>zaczep do monta\u017cu r\u00f3\u017cnych akcesori\u00f3w takich jak; klucze, latarka, kompas.<\/li>\n<\/ol>\n<p>&nbsp;<\/p>\n<p style=\"text-align: center;\"><strong>CHARAKTERYSTYKA:<\/strong><\/p>\n<ol>\n<li>nieprzemakalny materia\u0142 przyjemny w dotyku,<\/li>\n<li>odporny na uszkodzenia,<\/li>\n<li><span class=\"def\">m<\/span><span class=\"def\">arkowe odpinane gumowe szelki w kolorze kompletu,\u00a0<\/span><\/li>\n<li>13 kieszeni,<\/li>\n<li>dwustronny suwak,<\/li>\n<li>kaptur ocieplony polarem,<\/li>\n<li>gumowe \u015bci\u0105gacze na r\u0119kawach i nogawkach i na dole kurtki,<\/li>\n<li>odporny na wiatr i wod\u0119,<\/li>\n<li>ocieplony mikro polarem,<\/li>\n<li>wygodne spodnie posiadaj\u0105ce gumk\u0119,<\/li>\n<li>wielosezonowy od -3C do +15C.<\/li>\n<\/ol>\n<p>&nbsp;<\/p>\n<p>&nbsp;<\/p>\n<p class=\"def\" style=\"text-align: center;\"><strong><span class=\"def\">Posiadamy rozmiary:<\/span><\/strong><\/p>\n<p class=\"def\"><b class=\"def\">44-46(M)\u00a0 \u00a0 pasuje na wzrost 170-176 cm wag\u0119 60 &#8211; 70 kg\u00a0 \u00a0 \u00a0(88cm w pasie)<\/b><\/p>\n<p class=\"def\"><b class=\"def\">48-50(L)\u00a0 \u00a0 \u00a0pasuje na wzrost 170-179 cm wag\u0119 70 &#8211; 87 kg\u00a0 \u00a0 \u00a0(94cm w pasie)<\/b><\/p>\n<p class=\"def\"><b class=\"def\">52-54(XL)\u00a0 \u00a0pasuje na wzrost 170-185 cm wag\u0119 87 &#8211; 95 kg\u00a0 \u00a0 \u00a0(104cm w pasie)<\/b><\/p>\n<p class=\"def\"><b class=\"def\">56-58(XXL) pasuje na wzrost 175-185 cm wag\u0119 95 &#8211; 105 kg\u00a0 \u00a0(112cm w pasie)<\/b><\/p>\n<p class=\"def\"><b class=\"def\">60-62(3XL) pasuje na wzrost 175-185 cm wag\u0119 106 &#8211; 120 kg (120cm w pasie)<\/b><\/p>\n","protected":false},"excerpt":{"rendered":"<p>Komplet Oliwa Duspo Wodoodporny kurtka + spodnie od -1\u00b0C do [&hellip;]<\/p>\n","protected":false},"featured_media":995,"template":"","meta":{"_acf_changed":false},"product_cat":[16,92,42,38],"product_tag":[],"class_list":{"0":"post-994","1":"product","2":"type-product","3":"status-publish","4":"has-post-thumbnail","6":"product_cat-odziez","7":"product_cat-kurtki","8":"product_cat-komplet-mysliwski-zimowy","9":"product_cat-spodnie","11":"first","12":"instock","13":"taxable","14":"shipping-taxable","15":"purchasable","16":"product-type-simple"},"acf":[],"jetpack_sharing_enabled":true,"_links":{"self":[{"href":"https:\/\/dzikus.com.pl\/index.php?rest_route=\/wp\/v2\/product\/994","targetHints":{"allow":["GET"]}}],"collection":[{"href":"https:\/\/dzikus.com.pl\/index.php?rest_route=\/wp\/v2\/product"}],"about":[{"href":"https:\/\/dzikus.com.pl\/index.php?rest_route=\/wp\/v2\/types\/product"}],"wp:featuredmedia":[{"embeddable":true,"href":"https:\/\/dzikus.com.pl\/index.php?rest_route=\/wp\/v2\/media\/995"}],"wp:attachment":[{"href":"https:\/\/dzikus.com.pl\/index.php?rest_route=%2Fwp%2Fv2%2Fmedia&parent=994"}],"wp:term":[{"taxonomy":"product_cat","embeddable":true,"href":"https:\/\/dzikus.com.pl\/index.php?rest_route=%2Fwp%2Fv2%2Fproduct_cat&post=994"},{"taxonomy":"product_tag","embeddable":true,"href":"https:\/\/dzikus.com.pl\/index.php?rest_route=%2Fwp%2Fv2%2Fproduct_tag&post=994"}],"curies":[{"name":"wp","href":"https:\/\/api.w.org\/{rel}","templated":true}]}}