{"id":846,"date":"2024-09-01T17:22:28","date_gmt":"2024-09-01T15:22:28","guid":{"rendered":"https:\/\/dzikus.com.pl\/?post_type=product&#038;p=846"},"modified":"2024-09-01T17:22:28","modified_gmt":"2024-09-01T15:22:28","slug":"smycz-tradycyjna-sunka-ultra-5m-s-m","status":"publish","type":"product","link":"https:\/\/dzikus.com.pl\/?product=smycz-tradycyjna-sunka-ultra-5m-s-m","title":{"rendered":"Smycz Tradycyjna Sunka Ultra 5m S-M"},"content":{"rendered":"<h2 class=\"product_title entry-title\" style=\"text-align: center;\">Smycz Tradycyjna Sunka Ultra 5m S-M<\/h2>\n<p>&nbsp;<\/p>\n<p>Stylowa smycz Sunka Ultra dedykowana jest dla ma\u0142ych i \u015brednich ras ps\u00f3w. Wykonana z grubej ta\u015bmy polipropylenowej wed\u0142ug techniki kaletniczej przez nitowanie.<\/p>\n<p>Nity nadaj\u0105 dodatkowy ozdobny charakter.<\/p>\n<p>D\u0142ugo\u015b\u0107 smyczy 5m<\/p>\n<p>&nbsp;<\/p>\n","protected":false},"excerpt":{"rendered":"<p>Smycz Tradycyjna Sunka Ultra 5m S-M &nbsp; Stylowa smycz Sunka [&hellip;]<\/p>\n","protected":false},"featured_media":847,"template":"","meta":{"_acf_changed":false},"product_cat":[30],"product_tag":[],"class_list":{"0":"post-846","1":"product","2":"type-product","3":"status-publish","4":"has-post-thumbnail","6":"product_cat-dla_psa","8":"first","9":"instock","10":"taxable","11":"shipping-taxable","12":"purchasable","13":"product-type-simple"},"acf":[],"jetpack_sharing_enabled":true,"_links":{"self":[{"href":"https:\/\/dzikus.com.pl\/index.php?rest_route=\/wp\/v2\/product\/846","targetHints":{"allow":["GET"]}}],"collection":[{"href":"https:\/\/dzikus.com.pl\/index.php?rest_route=\/wp\/v2\/product"}],"about":[{"href":"https:\/\/dzikus.com.pl\/index.php?rest_route=\/wp\/v2\/types\/product"}],"wp:featuredmedia":[{"embeddable":true,"href":"https:\/\/dzikus.com.pl\/index.php?rest_route=\/wp\/v2\/media\/847"}],"wp:attachment":[{"href":"https:\/\/dzikus.com.pl\/index.php?rest_route=%2Fwp%2Fv2%2Fmedia&parent=846"}],"wp:term":[{"taxonomy":"product_cat","embeddable":true,"href":"https:\/\/dzikus.com.pl\/index.php?rest_route=%2Fwp%2Fv2%2Fproduct_cat&post=846"},{"taxonomy":"product_tag","embeddable":true,"href":"https:\/\/dzikus.com.pl\/index.php?rest_route=%2Fwp%2Fv2%2Fproduct_tag&post=846"}],"curies":[{"name":"wp","href":"https:\/\/api.w.org\/{rel}","templated":true}]}}