{"id":836,"date":"2024-09-01T16:38:47","date_gmt":"2024-09-01T14:38:47","guid":{"rendered":"https:\/\/dzikus.com.pl\/?post_type=product&#038;p=836"},"modified":"2024-09-01T16:38:47","modified_gmt":"2024-09-01T14:38:47","slug":"szelki-sunka-ultra-dla-malego-psa-m-l","status":"publish","type":"product","link":"https:\/\/dzikus.com.pl\/?product=szelki-sunka-ultra-dla-malego-psa-m-l","title":{"rendered":"Szelki Sunka Ultra dla ma\u0142ego psa M\/L"},"content":{"rendered":"<h2 class=\"product_title entry-title\" style=\"text-align: center;\">Szelki Sunka Ultra dla ma\u0142ego psa M\/L<\/h2>\n<p>Materia\u0142 \u2013 gruba i\u00a0 mocna ta\u015bma polipropylenowa1,5cm<\/p>\n<p>Rozmiar M\/L\u00a0 \u2013\u00a0 Obw\u00f3d\u00a0 w szyi i brzucha\u00a0<b>min:<\/b>\u00a035cm\u00a0<b>max:<\/b>\u00a057cm<\/p>\n<div class=\"mpof_ki myre_zn myre_8v_l _0d3bd_YrWCD\">\n<div class=\"mp4t_16_s mryx_16_s mr3m_1 mli2_1 mh85_56 mh85_0_l\">\n<div class=\"mgn2_16 _0d3bd_5pK0q\">\n<p>Szelki posiadaj\u0105 dodatkowy regulator na dolnym pasku, dzi\u0119ki czemu b\u0119dziesz m\u00f3g\u0142 lepiej dopasowa\u0107 je do budowy cia\u0142a swojego pupila.<\/p>\n<p>Do budowy szelek wykorzystano metod\u0119 krawieck\u0105 \u2013 szyty suport (element z klamr\u0105) oraz kaletnicz\u0105 \u2013 nitowana ta\u015bma brzuszna \u2013\u00a0 szyjna.<\/p>\n<p>Nity nadaj\u0105 szelk\u0105 ozdobny charakter.<\/p>\n<\/div>\n<\/div>\n<\/div>\n<div class=\"mpof_ki myre_zn myre_8v_l _0d3bd_YrWCD\">\n<div class=\"mp4t_16_s mryx_16_s mr3m_1 mli2_1 mh85_56 mh85_0_l\">\n<div class=\"mgn2_16 _0d3bd_5pK0q\">\n<p>Szelki dedykowane dla ma\u0142ych i \u015brednich ras ps\u00f3w.<\/p>\n<p>&nbsp;<\/p>\n<\/div>\n<\/div>\n<\/div>\n","protected":false},"excerpt":{"rendered":"<p>Szelki Sunka Ultra dla ma\u0142ego psa M\/L Materia\u0142 \u2013 gruba [&hellip;]<\/p>\n","protected":false},"featured_media":837,"template":"","meta":{"_acf_changed":false},"product_cat":[34],"product_tag":[],"class_list":{"0":"post-836","1":"product","2":"type-product","3":"status-publish","4":"has-post-thumbnail","6":"product_cat-inne","8":"first","9":"instock","10":"taxable","11":"shipping-taxable","12":"purchasable","13":"product-type-simple"},"acf":[],"jetpack_sharing_enabled":true,"_links":{"self":[{"href":"https:\/\/dzikus.com.pl\/index.php?rest_route=\/wp\/v2\/product\/836","targetHints":{"allow":["GET"]}}],"collection":[{"href":"https:\/\/dzikus.com.pl\/index.php?rest_route=\/wp\/v2\/product"}],"about":[{"href":"https:\/\/dzikus.com.pl\/index.php?rest_route=\/wp\/v2\/types\/product"}],"wp:featuredmedia":[{"embeddable":true,"href":"https:\/\/dzikus.com.pl\/index.php?rest_route=\/wp\/v2\/media\/837"}],"wp:attachment":[{"href":"https:\/\/dzikus.com.pl\/index.php?rest_route=%2Fwp%2Fv2%2Fmedia&parent=836"}],"wp:term":[{"taxonomy":"product_cat","embeddable":true,"href":"https:\/\/dzikus.com.pl\/index.php?rest_route=%2Fwp%2Fv2%2Fproduct_cat&post=836"},{"taxonomy":"product_tag","embeddable":true,"href":"https:\/\/dzikus.com.pl\/index.php?rest_route=%2Fwp%2Fv2%2Fproduct_tag&post=836"}],"curies":[{"name":"wp","href":"https:\/\/api.w.org\/{rel}","templated":true}]}}