{"id":827,"date":"2024-09-01T16:02:27","date_gmt":"2024-09-01T14:02:27","guid":{"rendered":"https:\/\/dzikus.com.pl\/?post_type=product&#038;p=827"},"modified":"2024-09-01T16:02:28","modified_gmt":"2024-09-01T14:02:28","slug":"rozdzielacz-dla-psa-sunka-ultra-s-m","status":"publish","type":"product","link":"https:\/\/dzikus.com.pl\/?product=rozdzielacz-dla-psa-sunka-ultra-s-m","title":{"rendered":"Rozdzielacz dla psa Sunka Ultra S \u2013 M"},"content":{"rendered":"<h2 style=\"text-align: center;\">Rozdzielacz dla psa Sunka Ultra S \u2013 M<\/h2>\n<p>&nbsp;<\/p>\n<p>Smycz rozdzielaj\u0105ca przeznaczona jest dla ma\u0142ych ps\u00f3w w rozmiarze S-M.<\/p>\n<p>&nbsp;<\/p>\n<p>Gruba ta\u015bma polipropylenowa o szeroko\u015bci 16mm<\/p>\n<p>Masywne i mocne karabi\u0144czyki<\/p>\n<p>Metalowe regulatory<\/p>\n<p>Niklowane k\u00f3\u0142ko<\/p>\n<p>Niklowane mocne nity kaletnicze<\/p>\n<p>Szeroko\u015b\u0107 ta\u015bmy 16mm<\/p>\n","protected":false},"excerpt":{"rendered":"<p>Rozdzielacz dla psa Sunka Ultra S \u2013 M &nbsp; Smycz [&hellip;]<\/p>\n","protected":false},"featured_media":828,"template":"","meta":{"_acf_changed":false},"product_cat":[30],"product_tag":[],"class_list":{"0":"post-827","1":"product","2":"type-product","3":"status-publish","4":"has-post-thumbnail","6":"product_cat-dla_psa","8":"first","9":"instock","10":"taxable","11":"shipping-taxable","12":"purchasable","13":"product-type-simple"},"acf":[],"jetpack_sharing_enabled":true,"_links":{"self":[{"href":"https:\/\/dzikus.com.pl\/index.php?rest_route=\/wp\/v2\/product\/827","targetHints":{"allow":["GET"]}}],"collection":[{"href":"https:\/\/dzikus.com.pl\/index.php?rest_route=\/wp\/v2\/product"}],"about":[{"href":"https:\/\/dzikus.com.pl\/index.php?rest_route=\/wp\/v2\/types\/product"}],"wp:featuredmedia":[{"embeddable":true,"href":"https:\/\/dzikus.com.pl\/index.php?rest_route=\/wp\/v2\/media\/828"}],"wp:attachment":[{"href":"https:\/\/dzikus.com.pl\/index.php?rest_route=%2Fwp%2Fv2%2Fmedia&parent=827"}],"wp:term":[{"taxonomy":"product_cat","embeddable":true,"href":"https:\/\/dzikus.com.pl\/index.php?rest_route=%2Fwp%2Fv2%2Fproduct_cat&post=827"},{"taxonomy":"product_tag","embeddable":true,"href":"https:\/\/dzikus.com.pl\/index.php?rest_route=%2Fwp%2Fv2%2Fproduct_tag&post=827"}],"curies":[{"name":"wp","href":"https:\/\/api.w.org\/{rel}","templated":true}]}}