{"id":804,"date":"2024-09-01T11:41:51","date_gmt":"2024-09-01T09:41:51","guid":{"rendered":"https:\/\/dzikus.com.pl\/?post_type=product&#038;p=804"},"modified":"2024-09-01T11:41:51","modified_gmt":"2024-09-01T09:41:51","slug":"brunox-gun-care-spray-100-ml","status":"publish","type":"product","link":"https:\/\/dzikus.com.pl\/?product=brunox-gun-care-spray-100-ml","title":{"rendered":"BRUNOX GUN CARE SPRAY 100 ml"},"content":{"rendered":"<h2 style=\"text-align: center;\">BRUNOX GUN CARE SPRAY<\/h2>\n<p>Preparat <strong>Brunox Gun Care Spray<\/strong> jest dedykowany w szczeg\u00f3lno\u015bci do czyszczenia, smarowania jak r\u00f3wnie\u017c piel\u0119gnacji metalowych element\u00f3w broni.<\/p>\n<p>Dociera we wszystkie trudno dost\u0119pne szczeliny i przestrzenie wewn\u0119trzne broni, rozpuszczaj\u0105c pozosta\u0142o\u015bci prochu.<\/p>\n<p>Dociera we wszystkie trudno dost\u0119pne szczeliny i przestrzenie wewn\u0119trzne broni, rozpuszczaj\u0105c pozosta\u0142o\u015bci prochu. Usuwa opi\u0142ki o\u0142owiu, miedzi, tombaku i niklu. Wypiera wilgo\u0107 oraz chroni przed korozj\u0105.<\/p>\n<p><b>Tworzy cienk\u0105, nielepk\u0105 i niewysychaj\u0105c\u0105 warstw\u0119 zabezpieczaj\u0105c\u0105<\/b>.<\/p>\n<p>&nbsp;<\/p>\n<p><strong>Cechy:<\/strong><br \/>\n&#8211; kolor: bezbarwny,<br \/>\n&#8211; g\u0119sto\u015b\u0107 (20\u00b0C): 0,83 +\/- 0,02 g\/cm3,<br \/>\n&#8211; lepko\u015b\u0107 dynamiczna (20\u00b0C): 4 mPa,<br \/>\n&#8211; temperatura zap\u0142onu: 78\u00b0C (towar nieopakowany) DIN ISO 2592,<br \/>\n&#8211; wytrzyma\u0142o\u015b\u0107 cieplna: do 160\u00b0C w kr\u00f3tkim okresie od zastosowania, do 125\u00b0C w d\u0142ugim okresie od zastosowania,<br \/>\n&#8211; temperatura topnienia: poni\u017cej -55\u00b0C,<br \/>\n&#8211; warto\u015b\u0107 pH: neutralna,<br \/>\n&#8211; charakterystyka pow\u0142oki: pe\u0142zaj\u0105ca,<br \/>\n&#8211; grubo\u015b\u0107 warstwy: 1-2 \u03bcm,<br \/>\n&#8211; konsystencja: 23 N\/mm2,<br \/>\n&#8211; wytrzyma\u0142o\u015b\u0107 punktowa: pow\u0142oka nie twardnieje, 64 mPas,<br \/>\n&#8211; wydajno\u015b\u0107: oko\u0142o 100 &#8211; 120 m2\/l.<\/p>\n","protected":false},"excerpt":{"rendered":"<p>BRUNOX GUN CARE SPRAY Preparat Brunox Gun Care Spray jest [&hellip;]<\/p>\n","protected":false},"featured_media":805,"template":"","meta":{"_acf_changed":false},"product_cat":[62],"product_tag":[],"class_list":{"0":"post-804","1":"product","2":"type-product","3":"status-publish","4":"has-post-thumbnail","6":"product_cat-konserwacja-broni-i-akcesoria","8":"first","9":"instock","10":"taxable","11":"shipping-taxable","12":"purchasable","13":"product-type-simple"},"acf":[],"jetpack_sharing_enabled":true,"_links":{"self":[{"href":"https:\/\/dzikus.com.pl\/index.php?rest_route=\/wp\/v2\/product\/804","targetHints":{"allow":["GET"]}}],"collection":[{"href":"https:\/\/dzikus.com.pl\/index.php?rest_route=\/wp\/v2\/product"}],"about":[{"href":"https:\/\/dzikus.com.pl\/index.php?rest_route=\/wp\/v2\/types\/product"}],"wp:featuredmedia":[{"embeddable":true,"href":"https:\/\/dzikus.com.pl\/index.php?rest_route=\/wp\/v2\/media\/805"}],"wp:attachment":[{"href":"https:\/\/dzikus.com.pl\/index.php?rest_route=%2Fwp%2Fv2%2Fmedia&parent=804"}],"wp:term":[{"taxonomy":"product_cat","embeddable":true,"href":"https:\/\/dzikus.com.pl\/index.php?rest_route=%2Fwp%2Fv2%2Fproduct_cat&post=804"},{"taxonomy":"product_tag","embeddable":true,"href":"https:\/\/dzikus.com.pl\/index.php?rest_route=%2Fwp%2Fv2%2Fproduct_tag&post=804"}],"curies":[{"name":"wp","href":"https:\/\/api.w.org\/{rel}","templated":true}]}}