{"id":748,"date":"2024-08-22T12:28:10","date_gmt":"2024-08-22T10:28:10","guid":{"rendered":"https:\/\/dzikus.com.pl\/?post_type=product&#038;p=748"},"modified":"2024-08-22T12:28:10","modified_gmt":"2024-08-22T10:28:10","slug":"wabik-na-kozla-rogacz-rdc02","status":"publish","type":"product","link":"https:\/\/dzikus.com.pl\/?product=wabik-na-kozla-rogacz-rdc02","title":{"rendered":"Wabik na Koz\u0142a Rogacz RDC02"},"content":{"rendered":"<h2 style=\"text-align: center;\">WABIK NA KOZ\u0141A ROGACZ RDC02<\/h2>\n<p>&nbsp;<\/p>\n<p>Niezwykle skuteczny wabik na koz\u0142a da Ci szans\u0119 na pozyskanie rogacza marze\u0144. D\u017awi\u0119ki wydobywane z wabika s\u0105 odzwierciedleniem odg\u0142os\u00f3w wydawanych przez sarny, nazywane piskiem kozy &#8222;mikotem&#8221;. Rogacz s\u0142ysz\u0105cy te d\u017awi\u0119ki lokalizuje szybko miejsce, z kt\u00f3rego dochodz\u0105, co powoduje \u017ce wy\u0142ania si\u0119 z ukrycia w miejsce po\u017c\u0105dane przez my\u015bliwego. Umo\u017cliwia wi\u0119c dok\u0142adny ogl\u0105d zwierz\u0119cia i parostk\u00f3w.<\/p>\n","protected":false},"excerpt":{"rendered":"<p>WABIK NA KOZ\u0141A ROGACZ RDC02 &nbsp; Niezwykle skuteczny wabik na [&hellip;]<\/p>\n","protected":false},"featured_media":749,"template":"","meta":{"_acf_changed":false},"product_cat":[61],"product_tag":[],"class_list":{"0":"post-748","1":"product","2":"type-product","3":"status-publish","4":"has-post-thumbnail","6":"product_cat-wabiki-i-pastoraly","8":"first","9":"instock","10":"taxable","11":"shipping-taxable","12":"purchasable","13":"product-type-simple"},"acf":[],"jetpack_sharing_enabled":true,"_links":{"self":[{"href":"https:\/\/dzikus.com.pl\/index.php?rest_route=\/wp\/v2\/product\/748","targetHints":{"allow":["GET"]}}],"collection":[{"href":"https:\/\/dzikus.com.pl\/index.php?rest_route=\/wp\/v2\/product"}],"about":[{"href":"https:\/\/dzikus.com.pl\/index.php?rest_route=\/wp\/v2\/types\/product"}],"wp:featuredmedia":[{"embeddable":true,"href":"https:\/\/dzikus.com.pl\/index.php?rest_route=\/wp\/v2\/media\/749"}],"wp:attachment":[{"href":"https:\/\/dzikus.com.pl\/index.php?rest_route=%2Fwp%2Fv2%2Fmedia&parent=748"}],"wp:term":[{"taxonomy":"product_cat","embeddable":true,"href":"https:\/\/dzikus.com.pl\/index.php?rest_route=%2Fwp%2Fv2%2Fproduct_cat&post=748"},{"taxonomy":"product_tag","embeddable":true,"href":"https:\/\/dzikus.com.pl\/index.php?rest_route=%2Fwp%2Fv2%2Fproduct_tag&post=748"}],"curies":[{"name":"wp","href":"https:\/\/api.w.org\/{rel}","templated":true}]}}