{"id":721,"date":"2024-08-22T12:04:44","date_gmt":"2024-08-22T10:04:44","guid":{"rendered":"https:\/\/dzikus.com.pl\/?post_type=product&#038;p=721"},"modified":"2024-08-22T12:04:44","modified_gmt":"2024-08-22T10:04:44","slug":"wabik-na-lisy-pisk-myszy-fc042","status":"publish","type":"product","link":"https:\/\/dzikus.com.pl\/?product=wabik-na-lisy-pisk-myszy-fc042","title":{"rendered":"Wabik na lisy pisk myszy FC042"},"content":{"rendered":"<h2 style=\"text-align: center;\">WABIK NA LISY\u00a0 PISK MYSZY FC042<\/h2>\n<p>&nbsp;<\/p>\n<p>Wyr\u00f3\u017cnia go mo\u017cliwo\u015b\u0107 zwabienia zwierzyny\u00a0 niedu\u017cej odleg\u0142o\u015bci.<br \/>\nD\u017awi\u0119k wydawany przy pomocy wabika przypomina pisk przera\u017conej lub rannej myszy. Dzia\u0142a g\u0142\u00f3wnie na lisy, ale cz\u0119sto przyci\u0105ga r\u00f3wnie\u017c inne drapie\u017cniki.<br \/>\nProdukt zosta\u0142 solidnie wykonany z materia\u0142\u00f3w najlepszej jako\u015bci. Idealnie mie\u015bci si\u0119 w d\u0142oni \u2013 dzi\u0119ki swoim niewielkim rozmiarom mo\u017cna zawsze mie\u0107 go przy sobie. Dla wielu my\u015bliwych wabik emituj\u0105cy pisk myszy to ju\u017c standardowe wyposa\u017cenie ekwipunku, gdy\u017c stanowi jedn\u0105 z najstarszych metod wabienia lis\u00f3w.<br \/>\nZapewniamy \u2013 na jego d\u017awi\u0119k zareaguj\u0105 wszystkie lisy w okolicy.<\/p>\n","protected":false},"excerpt":{"rendered":"<p>WABIK NA LISY\u00a0 PISK MYSZY FC042 &nbsp; Wyr\u00f3\u017cnia go mo\u017cliwo\u015b\u0107 [&hellip;]<\/p>\n","protected":false},"featured_media":722,"template":"","meta":{"_acf_changed":false},"product_cat":[61],"product_tag":[],"class_list":{"0":"post-721","1":"product","2":"type-product","3":"status-publish","4":"has-post-thumbnail","6":"product_cat-wabiki-i-pastoraly","8":"first","9":"instock","10":"taxable","11":"shipping-taxable","12":"purchasable","13":"product-type-simple"},"acf":[],"jetpack_sharing_enabled":true,"_links":{"self":[{"href":"https:\/\/dzikus.com.pl\/index.php?rest_route=\/wp\/v2\/product\/721","targetHints":{"allow":["GET"]}}],"collection":[{"href":"https:\/\/dzikus.com.pl\/index.php?rest_route=\/wp\/v2\/product"}],"about":[{"href":"https:\/\/dzikus.com.pl\/index.php?rest_route=\/wp\/v2\/types\/product"}],"wp:featuredmedia":[{"embeddable":true,"href":"https:\/\/dzikus.com.pl\/index.php?rest_route=\/wp\/v2\/media\/722"}],"wp:attachment":[{"href":"https:\/\/dzikus.com.pl\/index.php?rest_route=%2Fwp%2Fv2%2Fmedia&parent=721"}],"wp:term":[{"taxonomy":"product_cat","embeddable":true,"href":"https:\/\/dzikus.com.pl\/index.php?rest_route=%2Fwp%2Fv2%2Fproduct_cat&post=721"},{"taxonomy":"product_tag","embeddable":true,"href":"https:\/\/dzikus.com.pl\/index.php?rest_route=%2Fwp%2Fv2%2Fproduct_tag&post=721"}],"curies":[{"name":"wp","href":"https:\/\/api.w.org\/{rel}","templated":true}]}}