{"id":662,"date":"2024-08-20T17:07:17","date_gmt":"2024-08-20T15:07:17","guid":{"rendered":"https:\/\/dzikus.com.pl\/?post_type=product&#038;p=662"},"modified":"2024-08-20T17:07:17","modified_gmt":"2024-08-20T15:07:17","slug":"spodnie-softshellowe-austrul-hunter","status":"publish","type":"product","link":"https:\/\/dzikus.com.pl\/?product=spodnie-softshellowe-austrul-hunter","title":{"rendered":"Spodnie softshellowe AUSTRUL HUNTER"},"content":{"rendered":"<h2 style=\"text-align: center;\"><strong>SPODNIE SOFTSHELLOWE AUSTRUL HUNTER<\/strong><\/h2>\n<p>&nbsp;<\/p>\n<p>Spodnie wykonanie s\u0105 z Tr\u00f3jlaminatu-thermo softshell\u00a0 o wysokiej jako\u015bci materia\u0142u.<\/p>\n<p>Spodnie s\u0105 wodoodporne oraz wiatroszczelne. S\u0105 mocne i odporne na uszkodzenia dzi\u0119ki czemu sprawdz\u0105 si\u0119 idealnie podczas aktywnych polowa\u0144.<\/p>\n<p>Spodnie chroni\u0105 przed przemakaniem w trudnych warunkach oraz zapewniaj\u0105 ciep\u0142o i swobod\u0119 ruch\u00f3w.<\/p>\n<p>&nbsp;<\/p>\n<p style=\"text-align: center;\"><strong>CHARAKTERYSTKA:<\/strong><\/p>\n<ol>\n<li>dwie kieszenie zamykane na zamek<\/li>\n<li>logo na lewej nogawce &#8222;HUNTER&#8221;<\/li>\n<li>szlufki na pasek<\/li>\n<li>pas regulowany gum\u0105, zapi\u0119ty na nap\u0119<\/li>\n<li>materia\u0142 softshell thermo &#8211; wiatroszczelny i nieprzemakalny<\/li>\n<\/ol>\n<p>&nbsp;<\/p>\n<p style=\"text-align: center;\">TABELA WYMIAR\u00d3W:<\/p>\n<p>&nbsp;<\/p>\n<table class=\"product-table-size\" style=\"height: 151px;\" width=\"644\" cellpadding=\"0\">\n<tbody>\n<tr>\n<th class=\"cell khaki\" scope=\"row\"><\/th>\n<th class=\"cell khaki\" scope=\"row\">S<\/th>\n<th class=\"cell khaki\" scope=\"row\">M<\/th>\n<th class=\"cell khaki\" scope=\"row\">L<\/th>\n<th class=\"cell khaki\" scope=\"row\">XL<\/th>\n<th class=\"cell khaki\" scope=\"row\">2XL<\/th>\n<th class=\"cell khaki\" scope=\"row\">3XL<\/th>\n<\/tr>\n<tr>\n<th class=\"cell\" scope=\"row\">Obw\u00f3d w pasie<\/th>\n<th class=\"cell\" scope=\"row\">84-94<\/th>\n<th class=\"cell\" scope=\"row\">86-100<\/th>\n<th class=\"cell\" scope=\"row\">92-104<\/th>\n<th class=\"cell\" scope=\"row\">98-110<\/th>\n<th class=\"cell\" scope=\"row\">102-112<\/th>\n<th class=\"cell\" scope=\"row\">110-120<\/th>\n<\/tr>\n<tr>\n<th class=\"cell\" scope=\"row\">Obw\u00f3d w biodrach<\/th>\n<th class=\"cell\" scope=\"row\">98<\/th>\n<th class=\"cell\" scope=\"row\">110<\/th>\n<th class=\"cell\" scope=\"row\">114<\/th>\n<th class=\"cell\" scope=\"row\">122<\/th>\n<th class=\"cell\" scope=\"row\">126<\/th>\n<th class=\"cell\" scope=\"row\">132<\/th>\n<\/tr>\n<tr>\n<th class=\"cell\" scope=\"row\">Stan prz\u00f3d\/ty\u0142<\/th>\n<th class=\"cell\" scope=\"row\">33\/38<\/th>\n<th class=\"cell\" scope=\"row\">34\/39<\/th>\n<th class=\"cell\" scope=\"row\">34\/40<\/th>\n<th class=\"cell\" scope=\"row\">34\/40<\/th>\n<th class=\"cell\" scope=\"row\">35\/40<\/th>\n<th class=\"cell\" scope=\"row\">35,5\/43,5<\/th>\n<\/tr>\n<tr>\n<th class=\"cell\" scope=\"row\">D\u0142ugo\u015b\u0107 zewn\u0119trzna<\/th>\n<th class=\"cell\" scope=\"row\">102<\/th>\n<th class=\"cell\" scope=\"row\">105<\/th>\n<th class=\"cell\" scope=\"row\">105<\/th>\n<th class=\"cell\" scope=\"row\">109<\/th>\n<th class=\"cell\" scope=\"row\">112<\/th>\n<th class=\"cell\" scope=\"row\">112<\/th>\n<\/tr>\n<\/tbody>\n<\/table>\n<p style=\"text-align: center;\">\u00a0Tolerancja do 1 cm<\/p>\n","protected":false},"excerpt":{"rendered":"<p>SPODNIE SOFTSHELLOWE AUSTRUL HUNTER &nbsp; Spodnie wykonanie s\u0105 z Tr\u00f3jlaminatu-thermo [&hellip;]<\/p>\n","protected":false},"featured_media":663,"template":"","meta":{"_acf_changed":false},"product_cat":[16,38],"product_tag":[],"class_list":{"0":"post-662","1":"product","2":"type-product","3":"status-publish","4":"has-post-thumbnail","6":"product_cat-odziez","7":"product_cat-spodnie","9":"first","10":"instock","11":"taxable","12":"shipping-taxable","13":"purchasable","14":"product-type-simple"},"acf":[],"jetpack_sharing_enabled":true,"_links":{"self":[{"href":"https:\/\/dzikus.com.pl\/index.php?rest_route=\/wp\/v2\/product\/662","targetHints":{"allow":["GET"]}}],"collection":[{"href":"https:\/\/dzikus.com.pl\/index.php?rest_route=\/wp\/v2\/product"}],"about":[{"href":"https:\/\/dzikus.com.pl\/index.php?rest_route=\/wp\/v2\/types\/product"}],"wp:featuredmedia":[{"embeddable":true,"href":"https:\/\/dzikus.com.pl\/index.php?rest_route=\/wp\/v2\/media\/663"}],"wp:attachment":[{"href":"https:\/\/dzikus.com.pl\/index.php?rest_route=%2Fwp%2Fv2%2Fmedia&parent=662"}],"wp:term":[{"taxonomy":"product_cat","embeddable":true,"href":"https:\/\/dzikus.com.pl\/index.php?rest_route=%2Fwp%2Fv2%2Fproduct_cat&post=662"},{"taxonomy":"product_tag","embeddable":true,"href":"https:\/\/dzikus.com.pl\/index.php?rest_route=%2Fwp%2Fv2%2Fproduct_tag&post=662"}],"curies":[{"name":"wp","href":"https:\/\/api.w.org\/{rel}","templated":true}]}}