{"id":490,"date":"2024-05-05T12:48:23","date_gmt":"2024-05-05T10:48:23","guid":{"rendered":"http:\/\/dzikus.com.pl\/?post_type=product&#038;p=490"},"modified":"2024-09-04T19:58:07","modified_gmt":"2024-09-04T17:58:07","slug":"pas-nosny-do-broni-3","status":"publish","type":"product","link":"https:\/\/dzikus.com.pl\/?product=pas-nosny-do-broni-3","title":{"rendered":"Pas no\u015bny do broni"},"content":{"rendered":"<p>Dwupunktowy pas do broni w kolorze czarnym,wykonany z solidnych materia\u0142\u00f3w.<\/p>\n<p>Antypo\u015blizgowe wyko\u0144czenie zapobiegaj\u0105ce zsuwaniu si\u0119 z ramienia.<\/p>\n","protected":false},"excerpt":{"rendered":"<p>Dwupunktowy pas do broni w kolorze czarnym,wykonany z solidnych materia\u0142\u00f3w. [&hellip;]<\/p>\n","protected":false},"featured_media":493,"template":"","meta":{"_acf_changed":false},"product_cat":[24],"product_tag":[84,83,82],"class_list":{"0":"post-490","1":"product","2":"type-product","3":"status-publish","4":"has-post-thumbnail","6":"product_cat-tlumiki","7":"product_tag-broni","8":"product_tag-do","9":"product_tag-pas","11":"first","12":"instock","13":"taxable","14":"shipping-taxable","15":"purchasable","16":"product-type-simple"},"acf":[],"jetpack_sharing_enabled":true,"_links":{"self":[{"href":"https:\/\/dzikus.com.pl\/index.php?rest_route=\/wp\/v2\/product\/490","targetHints":{"allow":["GET"]}}],"collection":[{"href":"https:\/\/dzikus.com.pl\/index.php?rest_route=\/wp\/v2\/product"}],"about":[{"href":"https:\/\/dzikus.com.pl\/index.php?rest_route=\/wp\/v2\/types\/product"}],"wp:featuredmedia":[{"embeddable":true,"href":"https:\/\/dzikus.com.pl\/index.php?rest_route=\/wp\/v2\/media\/493"}],"wp:attachment":[{"href":"https:\/\/dzikus.com.pl\/index.php?rest_route=%2Fwp%2Fv2%2Fmedia&parent=490"}],"wp:term":[{"taxonomy":"product_cat","embeddable":true,"href":"https:\/\/dzikus.com.pl\/index.php?rest_route=%2Fwp%2Fv2%2Fproduct_cat&post=490"},{"taxonomy":"product_tag","embeddable":true,"href":"https:\/\/dzikus.com.pl\/index.php?rest_route=%2Fwp%2Fv2%2Fproduct_tag&post=490"}],"curies":[{"name":"wp","href":"https:\/\/api.w.org\/{rel}","templated":true}]}}