{"id":461,"date":"2024-05-05T11:58:28","date_gmt":"2024-05-05T09:58:28","guid":{"rendered":"http:\/\/dzikus.com.pl\/?post_type=product&#038;p=461"},"modified":"2024-05-05T11:58:28","modified_gmt":"2024-05-05T09:58:28","slug":"otok-smycz","status":"publish","type":"product","link":"https:\/\/dzikus.com.pl\/?product=otok-smycz","title":{"rendered":"Otok, smycz"},"content":{"rendered":"<p>Oto dla psa w kolorze pomara\u0144czowym.<\/p>\n<p>Grubo\u015b\u0107 liny 8 mm d\u0142ugo\u015b\u0107 5 m<\/p>\n","protected":false},"excerpt":{"rendered":"<p>Oto dla psa w kolorze pomara\u0144czowym. Grubo\u015b\u0107 liny 8 mm [&hellip;]<\/p>\n","protected":false},"featured_media":462,"template":"","meta":{"_acf_changed":false},"product_cat":[30],"product_tag":[73],"class_list":{"0":"post-461","1":"product","2":"type-product","3":"status-publish","4":"has-post-thumbnail","6":"product_cat-dla_psa","7":"product_tag-smycz","9":"first","10":"instock","11":"taxable","12":"shipping-taxable","13":"purchasable","14":"product-type-simple"},"acf":[],"jetpack_sharing_enabled":true,"_links":{"self":[{"href":"https:\/\/dzikus.com.pl\/index.php?rest_route=\/wp\/v2\/product\/461","targetHints":{"allow":["GET"]}}],"collection":[{"href":"https:\/\/dzikus.com.pl\/index.php?rest_route=\/wp\/v2\/product"}],"about":[{"href":"https:\/\/dzikus.com.pl\/index.php?rest_route=\/wp\/v2\/types\/product"}],"wp:featuredmedia":[{"embeddable":true,"href":"https:\/\/dzikus.com.pl\/index.php?rest_route=\/wp\/v2\/media\/462"}],"wp:attachment":[{"href":"https:\/\/dzikus.com.pl\/index.php?rest_route=%2Fwp%2Fv2%2Fmedia&parent=461"}],"wp:term":[{"taxonomy":"product_cat","embeddable":true,"href":"https:\/\/dzikus.com.pl\/index.php?rest_route=%2Fwp%2Fv2%2Fproduct_cat&post=461"},{"taxonomy":"product_tag","embeddable":true,"href":"https:\/\/dzikus.com.pl\/index.php?rest_route=%2Fwp%2Fv2%2Fproduct_tag&post=461"}],"curies":[{"name":"wp","href":"https:\/\/api.w.org\/{rel}","templated":true}]}}