{"id":453,"date":"2024-05-05T11:48:05","date_gmt":"2024-05-05T09:48:05","guid":{"rendered":"http:\/\/dzikus.com.pl\/?post_type=product&#038;p=453"},"modified":"2024-05-05T11:48:06","modified_gmt":"2024-05-05T09:48:06","slug":"wabik-na-drapiezniki","status":"publish","type":"product","link":"https:\/\/dzikus.com.pl\/?product=wabik-na-drapiezniki","title":{"rendered":"Wabik na drapie\u017cniki"},"content":{"rendered":"<p>G\u0142o\u015bny wabik na lisy<\/p>\n<p>(kniazienie zaj\u0105ca)<\/p>\n<p>Bardzo lekki i skuteczny a dodatkowo umo\u017cliwia oddanie szybkiego strza\u0142u, gdy\u017c podczas wabienia nie musimy trzyma\u0107 go w d\u0142oniach.<\/p>\n","protected":false},"excerpt":{"rendered":"<p>G\u0142o\u015bny wabik na lisy (kniazienie zaj\u0105ca) Bardzo lekki i skuteczny [&hellip;]<\/p>\n","protected":false},"featured_media":454,"template":"","meta":{"_acf_changed":false},"product_cat":[61],"product_tag":[72,70],"class_list":{"0":"post-453","1":"product","2":"type-product","3":"status-publish","4":"has-post-thumbnail","6":"product_cat-wabiki-i-pastoraly","7":"product_tag-lis","8":"product_tag-wabik","10":"first","11":"instock","12":"taxable","13":"shipping-taxable","14":"purchasable","15":"product-type-simple"},"acf":[],"jetpack_sharing_enabled":true,"_links":{"self":[{"href":"https:\/\/dzikus.com.pl\/index.php?rest_route=\/wp\/v2\/product\/453","targetHints":{"allow":["GET"]}}],"collection":[{"href":"https:\/\/dzikus.com.pl\/index.php?rest_route=\/wp\/v2\/product"}],"about":[{"href":"https:\/\/dzikus.com.pl\/index.php?rest_route=\/wp\/v2\/types\/product"}],"wp:featuredmedia":[{"embeddable":true,"href":"https:\/\/dzikus.com.pl\/index.php?rest_route=\/wp\/v2\/media\/454"}],"wp:attachment":[{"href":"https:\/\/dzikus.com.pl\/index.php?rest_route=%2Fwp%2Fv2%2Fmedia&parent=453"}],"wp:term":[{"taxonomy":"product_cat","embeddable":true,"href":"https:\/\/dzikus.com.pl\/index.php?rest_route=%2Fwp%2Fv2%2Fproduct_cat&post=453"},{"taxonomy":"product_tag","embeddable":true,"href":"https:\/\/dzikus.com.pl\/index.php?rest_route=%2Fwp%2Fv2%2Fproduct_tag&post=453"}],"curies":[{"name":"wp","href":"https:\/\/api.w.org\/{rel}","templated":true}]}}