{"id":417,"date":"2024-05-04T10:39:32","date_gmt":"2024-05-04T08:39:32","guid":{"rendered":"http:\/\/dzikus.com.pl\/?post_type=product&#038;p=417"},"modified":"2024-05-04T10:39:33","modified_gmt":"2024-05-04T08:39:33","slug":"szescioczesciowy-zestaw-do-czyszczenia-broni-srutowej-cal-12","status":"publish","type":"product","link":"https:\/\/dzikus.com.pl\/?product=szescioczesciowy-zestaw-do-czyszczenia-broni-srutowej-cal-12","title":{"rendered":"Sze\u015bciocz\u0119\u015bciowy zestaw do czyszczenia broni \u015brutowej Cal.12"},"content":{"rendered":"<p>Zestaw do czyszczenia broni \u015brutowej Cal. 12<\/p>\n<p>Zestaw sk\u0142ada si\u0119 z sze\u015bciu cz\u0119\u015bci, zapakowany w plastikowe pude\u0142ko.<\/p>\n","protected":false},"excerpt":{"rendered":"<p>Zestaw do czyszczenia broni \u015brutowej Cal. 12 Zestaw sk\u0142ada si\u0119 [&hellip;]<\/p>\n","protected":false},"featured_media":418,"template":"","meta":{"_acf_changed":false},"product_cat":[62],"product_tag":[63],"class_list":{"0":"post-417","1":"product","2":"type-product","3":"status-publish","4":"has-post-thumbnail","6":"product_cat-konserwacja-broni-i-akcesoria","7":"product_tag-czyszczenie_broni","9":"first","10":"instock","11":"taxable","12":"shipping-taxable","13":"purchasable","14":"product-type-simple"},"acf":[],"jetpack_sharing_enabled":true,"_links":{"self":[{"href":"https:\/\/dzikus.com.pl\/index.php?rest_route=\/wp\/v2\/product\/417","targetHints":{"allow":["GET"]}}],"collection":[{"href":"https:\/\/dzikus.com.pl\/index.php?rest_route=\/wp\/v2\/product"}],"about":[{"href":"https:\/\/dzikus.com.pl\/index.php?rest_route=\/wp\/v2\/types\/product"}],"wp:featuredmedia":[{"embeddable":true,"href":"https:\/\/dzikus.com.pl\/index.php?rest_route=\/wp\/v2\/media\/418"}],"wp:attachment":[{"href":"https:\/\/dzikus.com.pl\/index.php?rest_route=%2Fwp%2Fv2%2Fmedia&parent=417"}],"wp:term":[{"taxonomy":"product_cat","embeddable":true,"href":"https:\/\/dzikus.com.pl\/index.php?rest_route=%2Fwp%2Fv2%2Fproduct_cat&post=417"},{"taxonomy":"product_tag","embeddable":true,"href":"https:\/\/dzikus.com.pl\/index.php?rest_route=%2Fwp%2Fv2%2Fproduct_tag&post=417"}],"curies":[{"name":"wp","href":"https:\/\/api.w.org\/{rel}","templated":true}]}}