{"id":369,"date":"2024-04-28T21:16:35","date_gmt":"2024-04-28T19:16:35","guid":{"rendered":"http:\/\/dzikus.com.pl\/?post_type=product&#038;p=369"},"modified":"2024-04-28T21:22:23","modified_gmt":"2024-04-28T19:22:23","slug":"uslugi-rusznikarskie","status":"publish","type":"product","link":"https:\/\/dzikus.com.pl\/?product=uslugi-rusznikarskie","title":{"rendered":"Us\u0142ugi rusznikarskie"},"content":{"rendered":"<p>Cene za us\u0142ug\u0119 ustalamy telefonicznie.<\/p>\n<p>Usuwanie starej pow\u0142oki z broni oraz poszczeg\u00f3lnych cz\u0119\u015bci.<\/p>\n<p>Gwintowanie luf sztucer\u00f3w my\u015bliwskich oraz broni AR<\/p>\n<p>Gwint 14 x 1 oraz 15 x 1<\/p>\n<p>T\u0142umiki do broni kr\u00f3tkiej 9 mm.<\/p>\n<p>T\u0142umiki do broni my\u015bliwskiej<\/p>\n<p>T\u0142umiki do broni AR<\/p>\n<p>Oksydowanie na gor\u0105co broni oraz cz\u0119\u015bci poszczeg\u00f3lnych.<\/p>\n","protected":false},"excerpt":{"rendered":"<p>Cene za us\u0142ug\u0119 ustalamy telefonicznie. Usuwanie starej pow\u0142oki z broni [&hellip;]<\/p>\n","protected":false},"featured_media":0,"template":"","meta":{"_acf_changed":false},"product_cat":[34],"product_tag":[60],"class_list":{"0":"post-369","1":"product","2":"type-product","3":"status-publish","5":"product_cat-inne","6":"product_tag-rusznikarz","8":"first","9":"instock","10":"taxable","11":"shipping-taxable","12":"purchasable","13":"product-type-simple"},"acf":[],"jetpack_sharing_enabled":true,"_links":{"self":[{"href":"https:\/\/dzikus.com.pl\/index.php?rest_route=\/wp\/v2\/product\/369","targetHints":{"allow":["GET"]}}],"collection":[{"href":"https:\/\/dzikus.com.pl\/index.php?rest_route=\/wp\/v2\/product"}],"about":[{"href":"https:\/\/dzikus.com.pl\/index.php?rest_route=\/wp\/v2\/types\/product"}],"wp:attachment":[{"href":"https:\/\/dzikus.com.pl\/index.php?rest_route=%2Fwp%2Fv2%2Fmedia&parent=369"}],"wp:term":[{"taxonomy":"product_cat","embeddable":true,"href":"https:\/\/dzikus.com.pl\/index.php?rest_route=%2Fwp%2Fv2%2Fproduct_cat&post=369"},{"taxonomy":"product_tag","embeddable":true,"href":"https:\/\/dzikus.com.pl\/index.php?rest_route=%2Fwp%2Fv2%2Fproduct_tag&post=369"}],"curies":[{"name":"wp","href":"https:\/\/api.w.org\/{rel}","templated":true}]}}