{"id":270,"date":"2024-04-28T14:13:45","date_gmt":"2024-04-28T12:13:45","guid":{"rendered":"http:\/\/dzikus.com.pl\/?post_type=product&#038;p=270"},"modified":"2024-04-28T15:19:22","modified_gmt":"2024-04-28T13:19:22","slug":"noz-mysliwski-w-skorzanym-zdobionym-etui","status":"publish","type":"product","link":"https:\/\/dzikus.com.pl\/?product=noz-mysliwski-w-skorzanym-zdobionym-etui","title":{"rendered":"N\u00f3\u017c my\u015bliwski w sk\u00f3rzanym zdobionym etui"},"content":{"rendered":"<p>N\u00f3\u017c my\u015bliwski z g\u0142\u00f3wn\u0105 sta\u0142\u0105 w sk\u00f3rzanym etui zdobionym w r\u00f3\u017ce.<\/p>\n","protected":false},"excerpt":{"rendered":"<p>N\u00f3\u017c my\u015bliwski z g\u0142\u00f3wn\u0105 sta\u0142\u0105 w sk\u00f3rzanym etui zdobionym w [&hellip;]<\/p>\n","protected":false},"featured_media":299,"template":"","meta":{"_acf_changed":false},"product_cat":[20],"product_tag":[47],"class_list":{"0":"post-270","1":"product","2":"type-product","3":"status-publish","4":"has-post-thumbnail","6":"product_cat-noze","7":"product_tag-noz_mysliwski","9":"first","10":"instock","11":"taxable","12":"shipping-taxable","13":"purchasable","14":"product-type-simple"},"acf":[],"jetpack_sharing_enabled":true,"_links":{"self":[{"href":"https:\/\/dzikus.com.pl\/index.php?rest_route=\/wp\/v2\/product\/270","targetHints":{"allow":["GET"]}}],"collection":[{"href":"https:\/\/dzikus.com.pl\/index.php?rest_route=\/wp\/v2\/product"}],"about":[{"href":"https:\/\/dzikus.com.pl\/index.php?rest_route=\/wp\/v2\/types\/product"}],"wp:featuredmedia":[{"embeddable":true,"href":"https:\/\/dzikus.com.pl\/index.php?rest_route=\/wp\/v2\/media\/299"}],"wp:attachment":[{"href":"https:\/\/dzikus.com.pl\/index.php?rest_route=%2Fwp%2Fv2%2Fmedia&parent=270"}],"wp:term":[{"taxonomy":"product_cat","embeddable":true,"href":"https:\/\/dzikus.com.pl\/index.php?rest_route=%2Fwp%2Fv2%2Fproduct_cat&post=270"},{"taxonomy":"product_tag","embeddable":true,"href":"https:\/\/dzikus.com.pl\/index.php?rest_route=%2Fwp%2Fv2%2Fproduct_tag&post=270"}],"curies":[{"name":"wp","href":"https:\/\/api.w.org\/{rel}","templated":true}]}}