{"id":1199,"date":"2024-10-09T12:38:21","date_gmt":"2024-10-09T10:38:21","guid":{"rendered":"http:\/\/dzikus.com.pl\/?post_type=product&#038;p=1199"},"modified":"2024-10-09T12:38:21","modified_gmt":"2024-10-09T10:38:21","slug":"odznaka-turystyczna-lub-mysliwska-z-jeleniem","status":"publish","type":"product","link":"https:\/\/dzikus.com.pl\/?product=odznaka-turystyczna-lub-mysliwska-z-jeleniem","title":{"rendered":"Odznaka turystyczna lub my\u015bliwska z jeleniem"},"content":{"rendered":"<h2 class=\"product_title entry-title\" style=\"text-align: center;\">Odznaka turystyczna lub my\u015bliwska z jeleniem<\/h2>\n<p>&nbsp;<\/p>\n<p style=\"text-align: center;\">Przypinka turystyczna lub my\u015bliwska z rycz\u0105cym jeleniem, pod nim skrzy\u017cowane dwa karabiny oraz li\u015bcie d\u0119bu z \u017co\u0142\u0119dziami, po\u015brodku tacza lub magazynek z nabojami, kolor stare srebro,\u00a0 \u00a0 \u00a0 \u00a0 \u00a0 wymiary\u00a0 31 x 30 mm.<\/p>\n","protected":false},"excerpt":{"rendered":"<p>Odznaka turystyczna lub my\u015bliwska z jeleniem &nbsp; Przypinka turystyczna lub [&hellip;]<\/p>\n","protected":false},"featured_media":1200,"template":"","meta":{"_acf_changed":false},"product_cat":[40],"product_tag":[],"class_list":{"0":"post-1199","1":"product","2":"type-product","3":"status-publish","4":"has-post-thumbnail","6":"product_cat-kuchnia","8":"first","9":"instock","10":"taxable","11":"shipping-taxable","12":"purchasable","13":"product-type-simple"},"acf":[],"jetpack_sharing_enabled":true,"_links":{"self":[{"href":"https:\/\/dzikus.com.pl\/index.php?rest_route=\/wp\/v2\/product\/1199","targetHints":{"allow":["GET"]}}],"collection":[{"href":"https:\/\/dzikus.com.pl\/index.php?rest_route=\/wp\/v2\/product"}],"about":[{"href":"https:\/\/dzikus.com.pl\/index.php?rest_route=\/wp\/v2\/types\/product"}],"wp:featuredmedia":[{"embeddable":true,"href":"https:\/\/dzikus.com.pl\/index.php?rest_route=\/wp\/v2\/media\/1200"}],"wp:attachment":[{"href":"https:\/\/dzikus.com.pl\/index.php?rest_route=%2Fwp%2Fv2%2Fmedia&parent=1199"}],"wp:term":[{"taxonomy":"product_cat","embeddable":true,"href":"https:\/\/dzikus.com.pl\/index.php?rest_route=%2Fwp%2Fv2%2Fproduct_cat&post=1199"},{"taxonomy":"product_tag","embeddable":true,"href":"https:\/\/dzikus.com.pl\/index.php?rest_route=%2Fwp%2Fv2%2Fproduct_tag&post=1199"}],"curies":[{"name":"wp","href":"https:\/\/api.w.org\/{rel}","templated":true}]}}