{"id":1121,"date":"2024-09-09T14:07:37","date_gmt":"2024-09-09T12:07:37","guid":{"rendered":"https:\/\/dzikus.com.pl\/?post_type=product&#038;p=1121"},"modified":"2024-09-09T14:07:37","modified_gmt":"2024-09-09T12:07:37","slug":"wabik-na-lisy-kosmaty-cotton-sting","status":"publish","type":"product","link":"https:\/\/dzikus.com.pl\/?product=wabik-na-lisy-kosmaty-cotton-sting","title":{"rendered":"Wabik na lisy KOSMATY Cotton Sting"},"content":{"rendered":"<h2 class=\"name\" style=\"text-align: center;\">Wabik na lisy KOSMATY Cotton Sting<\/h2>\n<p>&nbsp;<\/p>\n<p><span lang=\"DE\">Sting<\/span><span lang=\"DE\"> oznacza &#8222;\u017c\u0105d\u0142o&#8221; i <\/span>ten wabik daje ostry, k\u0105\u015bliwy d\u017awi\u0119k o \u015bredniowysokim tonie, na kt\u00f3ry \u017caden lis nie powinien pozosta\u0107 oboj\u0119tny.<\/p>\n<p>Wabik KOSMATY Cotton Sting wykonany jest technik\u0105 toczenia w poliamidzie. Poliamid w przeciwie\u0144stwie cho\u0107by do drewna gwarantuje pe\u0142n\u0105 powtarzalno\u015b\u0107 wabienia poniewa\u017c nie zmienia g\u0119sto\u015bci pod wp\u0142ywem wilgoci i temperatury. Dzi\u0119ki temu instrument si\u0119 nie wypacza i nie pojawiaj\u0105 si\u0119 w nim przedmuchy powietrza mi\u0119dzy stroikiem a \u015bciankami gniazda w kt\u00f3rym jest osadzony. Toczenie z kolei zapewnia identyczn\u0105 g\u0119sto\u015b\u0107 \u015bcianek instrumentu na ca\u0142ym obwodzie, co wp\u0142ywa na \u015bwietny rezonans, niemo\u017cliwy do uzyskania przy stosowaniu wtryskarek.<\/p>\n","protected":false},"excerpt":{"rendered":"<p>Wabik na lisy KOSMATY Cotton Sting &nbsp; Sting oznacza &#8222;\u017c\u0105d\u0142o&#8221; [&hellip;]<\/p>\n","protected":false},"featured_media":1122,"template":"","meta":{"_acf_changed":false},"product_cat":[61],"product_tag":[],"class_list":{"0":"post-1121","1":"product","2":"type-product","3":"status-publish","4":"has-post-thumbnail","6":"product_cat-wabiki-i-pastoraly","8":"first","9":"instock","10":"taxable","11":"shipping-taxable","12":"purchasable","13":"product-type-simple"},"acf":[],"jetpack_sharing_enabled":true,"_links":{"self":[{"href":"https:\/\/dzikus.com.pl\/index.php?rest_route=\/wp\/v2\/product\/1121","targetHints":{"allow":["GET"]}}],"collection":[{"href":"https:\/\/dzikus.com.pl\/index.php?rest_route=\/wp\/v2\/product"}],"about":[{"href":"https:\/\/dzikus.com.pl\/index.php?rest_route=\/wp\/v2\/types\/product"}],"wp:featuredmedia":[{"embeddable":true,"href":"https:\/\/dzikus.com.pl\/index.php?rest_route=\/wp\/v2\/media\/1122"}],"wp:attachment":[{"href":"https:\/\/dzikus.com.pl\/index.php?rest_route=%2Fwp%2Fv2%2Fmedia&parent=1121"}],"wp:term":[{"taxonomy":"product_cat","embeddable":true,"href":"https:\/\/dzikus.com.pl\/index.php?rest_route=%2Fwp%2Fv2%2Fproduct_cat&post=1121"},{"taxonomy":"product_tag","embeddable":true,"href":"https:\/\/dzikus.com.pl\/index.php?rest_route=%2Fwp%2Fv2%2Fproduct_tag&post=1121"}],"curies":[{"name":"wp","href":"https:\/\/api.w.org\/{rel}","templated":true}]}}