{"id":1115,"date":"2024-09-09T13:57:20","date_gmt":"2024-09-09T11:57:20","guid":{"rendered":"https:\/\/dzikus.com.pl\/?post_type=product&#038;p=1115"},"modified":"2024-09-09T13:57:20","modified_gmt":"2024-09-09T11:57:20","slug":"wabik-kosmaty-mouse-squeaker","status":"publish","type":"product","link":"https:\/\/dzikus.com.pl\/?product=wabik-kosmaty-mouse-squeaker","title":{"rendered":"Wabik KOSMATY Mouse Squeaker"},"content":{"rendered":"<h2 class=\"mp4t_0 mryx_0 mj7a_4 mvrt_8 mp0t_ji m9qz_yo munh_0 mqu1_1j mgmw_wo mgn2_21 mgn2_25_s\" style=\"text-align: center;\">Wabik KOSMATY Mouse Squeaker<\/h2>\n<p>Mouse squeaker (dos\u0142. mysia piszcza\u0142ka) to rodzaj wabika imituj\u0105cego odg\u0142os bli\u017cej nieokre\u015blonego gryzonia. S\u0142u\u017cy przede wszystkim do &#8222;podci\u0105gania&#8221; na odleg\u0142o\u015b\u0107 strza\u0142u lisa znajduj\u0105cego si\u0119 w zasi\u0119gu wzroku (np. wcze\u015bniej wabionego).<\/p>\n<p>KOSMATY Mouse Squeaker\u00a0zosta\u0142 zaopatrzony w stoik wydaj\u0105cy odg\u0142os zar\u00f3wno podczas wt\u0142aczania do niego powietrza z mieszka jak i podczas jego zaci\u0105gania. Jest to prawdopodobnie jedyny na rynku wabik posiadaj\u0105cy takie rozwi\u0105zanie, a stroik w nim u\u017cyty nie jest dost\u0119pny w \u017cadnym innym wabiku oferowanym na polskim rynku.<\/p>\n<p>Kosmaty Mouse Squeakerem\u00a0jest bardzo \u0142atwe. Jego kszta\u0142t nie jest przypadkowy. Zosta\u0142 przemy\u015blany w taki spos\u00f3b aby gama d\u017awi\u0119k\u00f3w mo\u017cliwych do uzyskania by\u0142a jak najwi\u0119ksza a ich wydobycie nie przysparza\u0142o trudno\u015bci.<\/p>\n<p>&nbsp;<\/p>\n<p style=\"text-align: center;\"><strong>Sposoby wabienia:<\/strong><\/p>\n<ol>\n<li>Energiczne naciskanie i odpuszczanie gumowego mieszka. D\u017awi\u0119k wydobywa si\u0119 zar\u00f3wno podczas uciskania, jak i odpuszczania. Wabik wydaje charakterystyczny \u015brednio g\u0142o\u015bny odg\u0142os w dw\u00f3ch r\u00f3\u017cnych tonacjach naprzemiennie.<\/li>\n<li>Energiczne naciskanie i delikatne odpuszczanie gumowego mieszka. D\u017awi\u0119k wydobywa si\u0119 jedynie podczas uciskania. Wabik wydaje \u015brednio g\u0142o\u015bny odg\u0142os w jednej tonacji. Nale\u017cy wyczu\u0107 wabik i nauczy\u0107 si\u0119 odpuszcza\u0107 mieszek mo\u017cliwie jak najszybciej, ale na tyle wolno aby nie wydoby\u0107 d\u017awi\u0119ku.<\/li>\n<li>Delikatne naciskanie i energiczne odpuszczanie gumowego mieszka. D\u017awi\u0119k wydobywa si\u0119 jedynie podczas odpuszczania. Wabik wydaje cichy odg\u0142os w jednej tonacji, jednak innej ni\u017c w wy\u017cej om\u00f3wionym sposobie. Nale\u017cy wyczu\u0107 wabik i nauczy\u0107 si\u0119 naciska\u0107 mieszek mo\u017cliwie jak najszybciej ale na tyle wolno aby nie wydoby\u0107 d\u017awi\u0119ku.<\/li>\n<li>Zagi\u0119cie kciukiem cz\u0119\u015bci mieszka w kt\u00f3rej osadzony jest stroik i wykonywanie nim rytmicznych ruch\u00f3w polegaj\u0105cych na zaginaniu i prostowaniu tej cz\u0119\u015bci wabika. Powietrze przechodz\u0105ce przez stroik sprawia, \u017ce wydaje od \u015brednio g\u0142o\u015bny agresywny d\u017awi\u0119k.<\/li>\n<li>\u00a0Zatkanie kciukiem wylotu stroika i silne \u015bci\u015bni\u0119cie mieszka z jednoczesnym zagi\u0119ciem tej cz\u0119\u015bci mieszka. D\u017awi\u0119k uzyskany w taki spos\u00f3b jest g\u0142o\u015bny i bardzo agresywny, nieco przypominaj\u0105cy cmokni\u0119cie. Ruch ten nale\u017cy powt\u00f3rzy\u0107 kilkukrotnie.<\/li>\n<\/ol>\n<p>&nbsp;<\/p>\n<p>&nbsp;<\/p>\n","protected":false},"excerpt":{"rendered":"<p>Wabik KOSMATY Mouse Squeaker Mouse squeaker (dos\u0142. mysia piszcza\u0142ka) to [&hellip;]<\/p>\n","protected":false},"featured_media":1116,"template":"","meta":{"_acf_changed":false},"product_cat":[61],"product_tag":[],"class_list":{"0":"post-1115","1":"product","2":"type-product","3":"status-publish","4":"has-post-thumbnail","6":"product_cat-wabiki-i-pastoraly","8":"first","9":"instock","10":"taxable","11":"shipping-taxable","12":"purchasable","13":"product-type-simple"},"acf":[],"jetpack_sharing_enabled":true,"_links":{"self":[{"href":"https:\/\/dzikus.com.pl\/index.php?rest_route=\/wp\/v2\/product\/1115","targetHints":{"allow":["GET"]}}],"collection":[{"href":"https:\/\/dzikus.com.pl\/index.php?rest_route=\/wp\/v2\/product"}],"about":[{"href":"https:\/\/dzikus.com.pl\/index.php?rest_route=\/wp\/v2\/types\/product"}],"wp:featuredmedia":[{"embeddable":true,"href":"https:\/\/dzikus.com.pl\/index.php?rest_route=\/wp\/v2\/media\/1116"}],"wp:attachment":[{"href":"https:\/\/dzikus.com.pl\/index.php?rest_route=%2Fwp%2Fv2%2Fmedia&parent=1115"}],"wp:term":[{"taxonomy":"product_cat","embeddable":true,"href":"https:\/\/dzikus.com.pl\/index.php?rest_route=%2Fwp%2Fv2%2Fproduct_cat&post=1115"},{"taxonomy":"product_tag","embeddable":true,"href":"https:\/\/dzikus.com.pl\/index.php?rest_route=%2Fwp%2Fv2%2Fproduct_tag&post=1115"}],"curies":[{"name":"wp","href":"https:\/\/api.w.org\/{rel}","templated":true}]}}