{"id":1090,"date":"2024-09-09T12:47:10","date_gmt":"2024-09-09T10:47:10","guid":{"rendered":"https:\/\/dzikus.com.pl\/?post_type=product&#038;p=1090"},"modified":"2024-09-09T13:10:29","modified_gmt":"2024-09-09T11:10:29","slug":"kamizelka-sygnalowa-remington-hunter-signal-pomaranczowo-bezowa","status":"publish","type":"product","link":"https:\/\/dzikus.com.pl\/?product=kamizelka-sygnalowa-remington-hunter-signal-pomaranczowo-bezowa","title":{"rendered":"Kamizelka Strzelecka Remington Hunter Signal Pomara\u0144czowo-Be\u017cowa"},"content":{"rendered":"<h2 class=\"title\" style=\"text-align: center;\">Kamizelka Strzelecka Remington Hunter<\/h2>\n<p>&nbsp;<\/p>\n<p>Kamizelka sygna\u0142owa Remington Hunter to praktyczna, funkcjonalna opcja na polowanie.<\/p>\n<p>Materia\u0142 kamizelki nie boi si\u0119 wody, brud mo\u017cna z niej \u0142atwo usun\u0105\u0107, jest trwa\u0142y i g\u0119sty.<\/p>\n<p>G\u00f3rna cz\u0119\u015b\u0107 modelu ma jasnopomara\u0144czowy kolor, aby\u015b by\u0142 widoczny z daleka, nawet je\u015bli w lesie jest g\u0119sta ro\u015blinno\u015b\u0107.<\/p>\n<p>&nbsp;<\/p>\n<p style=\"text-align: center;\"><strong>CHARAKTERYSTYKA:<\/strong><\/p>\n<ol>\n<li class=\"def\"><span class=\"def\">odporna na uszkodzenia<\/span><\/li>\n<li class=\"def\"><span class=\"def\">kamizelka sygna\u0142owa wodoodporna<\/span><\/li>\n<li class=\"def\"><span class=\"def\">wygodne podr\u0119czne kieszenie\u00a0z du\u017c\u0105 ilo\u015bci\u0105 miejsca<\/span><\/li>\n<li class=\"def\"><span class=\"def\">\u0142atwa w czyszczeniu<\/span><\/li>\n<li class=\"def\"><span class=\"def\">dobra widoczno\u015b\u0107 w lesie nawet z daleka<\/span><\/li>\n<\/ol>\n","protected":false},"excerpt":{"rendered":"<p>Kamizelka Strzelecka Remington Hunter &nbsp; Kamizelka sygna\u0142owa Remington Hunter to [&hellip;]<\/p>\n","protected":false},"featured_media":1091,"template":"","meta":{"_acf_changed":false},"product_cat":[62,24,16,92,27],"product_tag":[107],"class_list":{"0":"post-1090","1":"product","2":"type-product","3":"status-publish","4":"has-post-thumbnail","6":"product_cat-konserwacja-broni-i-akcesoria","7":"product_cat-tlumiki","8":"product_cat-odziez","9":"product_cat-kurtki","10":"product_cat-bluzy","11":"product_tag-kamizelka-strzelecka","13":"first","14":"instock","15":"taxable","16":"shipping-taxable","17":"purchasable","18":"product-type-simple"},"acf":[],"jetpack_sharing_enabled":true,"_links":{"self":[{"href":"https:\/\/dzikus.com.pl\/index.php?rest_route=\/wp\/v2\/product\/1090","targetHints":{"allow":["GET"]}}],"collection":[{"href":"https:\/\/dzikus.com.pl\/index.php?rest_route=\/wp\/v2\/product"}],"about":[{"href":"https:\/\/dzikus.com.pl\/index.php?rest_route=\/wp\/v2\/types\/product"}],"wp:featuredmedia":[{"embeddable":true,"href":"https:\/\/dzikus.com.pl\/index.php?rest_route=\/wp\/v2\/media\/1091"}],"wp:attachment":[{"href":"https:\/\/dzikus.com.pl\/index.php?rest_route=%2Fwp%2Fv2%2Fmedia&parent=1090"}],"wp:term":[{"taxonomy":"product_cat","embeddable":true,"href":"https:\/\/dzikus.com.pl\/index.php?rest_route=%2Fwp%2Fv2%2Fproduct_cat&post=1090"},{"taxonomy":"product_tag","embeddable":true,"href":"https:\/\/dzikus.com.pl\/index.php?rest_route=%2Fwp%2Fv2%2Fproduct_tag&post=1090"}],"curies":[{"name":"wp","href":"https:\/\/api.w.org\/{rel}","templated":true}]}}