{"id":1062,"date":"2024-09-08T10:22:29","date_gmt":"2024-09-08T08:22:29","guid":{"rendered":"http:\/\/dzikus.com.pl\/?post_type=product&#038;p=1062"},"modified":"2024-09-08T10:22:30","modified_gmt":"2024-09-08T08:22:30","slug":"noz-trybownik","status":"publish","type":"product","link":"https:\/\/dzikus.com.pl\/?product=noz-trybownik","title":{"rendered":"N\u00f3\u017c- trybownik"},"content":{"rendered":"<p>Doskona\u0142ej jako\u015bci trybownik do mi\u0119sa.<\/p>\n","protected":false},"excerpt":{"rendered":"<p>Doskona\u0142ej jako\u015bci trybownik do mi\u0119sa.<\/p>\n","protected":false},"featured_media":1063,"template":"","meta":{"_acf_changed":false},"product_cat":[20],"product_tag":[105],"class_list":{"0":"post-1062","1":"product","2":"type-product","3":"status-publish","4":"has-post-thumbnail","6":"product_cat-noze","7":"product_tag-trybownik","9":"first","10":"instock","11":"taxable","12":"shipping-taxable","13":"purchasable","14":"product-type-simple"},"acf":[],"jetpack_sharing_enabled":true,"_links":{"self":[{"href":"https:\/\/dzikus.com.pl\/index.php?rest_route=\/wp\/v2\/product\/1062","targetHints":{"allow":["GET"]}}],"collection":[{"href":"https:\/\/dzikus.com.pl\/index.php?rest_route=\/wp\/v2\/product"}],"about":[{"href":"https:\/\/dzikus.com.pl\/index.php?rest_route=\/wp\/v2\/types\/product"}],"wp:featuredmedia":[{"embeddable":true,"href":"https:\/\/dzikus.com.pl\/index.php?rest_route=\/wp\/v2\/media\/1063"}],"wp:attachment":[{"href":"https:\/\/dzikus.com.pl\/index.php?rest_route=%2Fwp%2Fv2%2Fmedia&parent=1062"}],"wp:term":[{"taxonomy":"product_cat","embeddable":true,"href":"https:\/\/dzikus.com.pl\/index.php?rest_route=%2Fwp%2Fv2%2Fproduct_cat&post=1062"},{"taxonomy":"product_tag","embeddable":true,"href":"https:\/\/dzikus.com.pl\/index.php?rest_route=%2Fwp%2Fv2%2Fproduct_tag&post=1062"}],"curies":[{"name":"wp","href":"https:\/\/api.w.org\/{rel}","templated":true}]}}