{"id":1050,"date":"2024-09-08T10:05:43","date_gmt":"2024-09-08T08:05:43","guid":{"rendered":"http:\/\/dzikus.com.pl\/?post_type=product&#038;p=1050"},"modified":"2024-09-08T10:05:43","modified_gmt":"2024-09-08T08:05:43","slug":"przejsciowka-montazu-11mm-do-22mm","status":"publish","type":"product","link":"https:\/\/dzikus.com.pl\/?product=przejsciowka-montazu-11mm-do-22mm","title":{"rendered":"Przej\u015bci\u00f3wka monta\u017cu 11mm. Do 22mm."},"content":{"rendered":"<p>Przej\u015bci\u00f3wka monta\u017cu z szyny 11mm do szyny pikantini.<\/p>\n<p>Cena dotyczy jednej sztuki przej\u015bci\u00f3wki.<\/p>\n","protected":false},"excerpt":{"rendered":"<p>Przej\u015bci\u00f3wka monta\u017cu z szyny 11mm do szyny pikantini. Cena dotyczy [&hellip;]<\/p>\n","protected":false},"featured_media":1051,"template":"","meta":{"_acf_changed":false},"product_cat":[22],"product_tag":[102],"class_list":{"0":"post-1050","1":"product","2":"type-product","3":"status-publish","4":"has-post-thumbnail","6":"product_cat-optyka","7":"product_tag-przejsciowka-pod-montaz","9":"first","10":"instock","11":"taxable","12":"shipping-taxable","13":"purchasable","14":"product-type-simple"},"acf":[],"jetpack_sharing_enabled":true,"_links":{"self":[{"href":"https:\/\/dzikus.com.pl\/index.php?rest_route=\/wp\/v2\/product\/1050","targetHints":{"allow":["GET"]}}],"collection":[{"href":"https:\/\/dzikus.com.pl\/index.php?rest_route=\/wp\/v2\/product"}],"about":[{"href":"https:\/\/dzikus.com.pl\/index.php?rest_route=\/wp\/v2\/types\/product"}],"wp:featuredmedia":[{"embeddable":true,"href":"https:\/\/dzikus.com.pl\/index.php?rest_route=\/wp\/v2\/media\/1051"}],"wp:attachment":[{"href":"https:\/\/dzikus.com.pl\/index.php?rest_route=%2Fwp%2Fv2%2Fmedia&parent=1050"}],"wp:term":[{"taxonomy":"product_cat","embeddable":true,"href":"https:\/\/dzikus.com.pl\/index.php?rest_route=%2Fwp%2Fv2%2Fproduct_cat&post=1050"},{"taxonomy":"product_tag","embeddable":true,"href":"https:\/\/dzikus.com.pl\/index.php?rest_route=%2Fwp%2Fv2%2Fproduct_tag&post=1050"}],"curies":[{"name":"wp","href":"https:\/\/api.w.org\/{rel}","templated":true}]}}