{"id":1045,"date":"2024-09-08T10:00:17","date_gmt":"2024-09-08T08:00:17","guid":{"rendered":"http:\/\/dzikus.com.pl\/?post_type=product&#038;p=1045"},"modified":"2024-09-08T10:00:17","modified_gmt":"2024-09-08T08:00:17","slug":"pastoral-120-cm","status":"publish","type":"product","link":"https:\/\/dzikus.com.pl\/?product=pastoral-120-cm","title":{"rendered":"Pastora\u0142 120 cm."},"content":{"rendered":"<p>Niski pastora\u0142 120 cm. Firmy Vector optics.<\/p>\n<p>Podpora pod bro\u0144 przeznaczona do strzela\u0144 z pozycji kl\u0119cz\u0105cej b\u0105d\u017a siedz\u0105cej.<\/p>\n<p>Bardzo \u0142atwy i szybki monta\u017c.<\/p>\n<p>Po z\u0142o\u017ceniu mie\u015bci si\u0119 w ka\u017cdym plecaku.<\/p>\n","protected":false},"excerpt":{"rendered":"<p>Niski pastora\u0142 120 cm. Firmy Vector optics. Podpora pod bro\u0144 [&hellip;]<\/p>\n","protected":false},"featured_media":1046,"template":"","meta":{"_acf_changed":false},"product_cat":[61],"product_tag":[101],"class_list":{"0":"post-1045","1":"product","2":"type-product","3":"status-publish","4":"has-post-thumbnail","6":"product_cat-wabiki-i-pastoraly","7":"product_tag-pastoral-mysliwski","9":"first","10":"instock","11":"taxable","12":"shipping-taxable","13":"purchasable","14":"product-type-simple"},"acf":[],"jetpack_sharing_enabled":true,"_links":{"self":[{"href":"https:\/\/dzikus.com.pl\/index.php?rest_route=\/wp\/v2\/product\/1045","targetHints":{"allow":["GET"]}}],"collection":[{"href":"https:\/\/dzikus.com.pl\/index.php?rest_route=\/wp\/v2\/product"}],"about":[{"href":"https:\/\/dzikus.com.pl\/index.php?rest_route=\/wp\/v2\/types\/product"}],"wp:featuredmedia":[{"embeddable":true,"href":"https:\/\/dzikus.com.pl\/index.php?rest_route=\/wp\/v2\/media\/1046"}],"wp:attachment":[{"href":"https:\/\/dzikus.com.pl\/index.php?rest_route=%2Fwp%2Fv2%2Fmedia&parent=1045"}],"wp:term":[{"taxonomy":"product_cat","embeddable":true,"href":"https:\/\/dzikus.com.pl\/index.php?rest_route=%2Fwp%2Fv2%2Fproduct_cat&post=1045"},{"taxonomy":"product_tag","embeddable":true,"href":"https:\/\/dzikus.com.pl\/index.php?rest_route=%2Fwp%2Fv2%2Fproduct_tag&post=1045"}],"curies":[{"name":"wp","href":"https:\/\/api.w.org\/{rel}","templated":true}]}}