{"id":1037,"date":"2024-09-08T09:47:26","date_gmt":"2024-09-08T07:47:26","guid":{"rendered":"http:\/\/dzikus.com.pl\/?post_type=product&#038;p=1037"},"modified":"2024-09-08T09:47:26","modified_gmt":"2024-09-08T07:47:26","slug":"latarka-czolowa-2","status":"publish","type":"product","link":"https:\/\/dzikus.com.pl\/?product=latarka-czolowa-2","title":{"rendered":"Latarka czo\u0142owa"},"content":{"rendered":"<p>Latarka czo\u0142owa.<\/p>\n<p>Wodoodporna latarka<\/p>\n<p>O czterech stopniach o\u015bwietlenia,<\/p>\n<p>\u0141adowana poprzez USB typu C<\/p>\n<p>Wbudowana bateria pozwala na 6 godzin ci\u0105g\u0142ej pracy.<\/p>\n<p>Dodatkowo latark\u0119 mo\u017cna bardzo \u0142atwo wypi\u0105\u0107 z opaski u\u017cywaj\u0105c jako latarki r\u0119cznej b\u0105d\u017a te\u017c przyklei\u0107 (za pomoc\u0105 wbudowanego magnesu) do karoserii samochodu b\u0105d\u017a innego metalowego elementu<\/p>\n","protected":false},"excerpt":{"rendered":"<p>Latarka czo\u0142owa. Wodoodporna latarka O czterech stopniach o\u015bwietlenia, \u0141adowana poprzez [&hellip;]<\/p>\n","protected":false},"featured_media":1038,"template":"","meta":{"_acf_changed":false},"product_cat":[20],"product_tag":[99],"class_list":{"0":"post-1037","1":"product","2":"type-product","3":"status-publish","4":"has-post-thumbnail","6":"product_cat-noze","7":"product_tag-latarka-czolowa","9":"first","10":"instock","11":"taxable","12":"shipping-taxable","13":"purchasable","14":"product-type-simple"},"acf":[],"jetpack_sharing_enabled":true,"_links":{"self":[{"href":"https:\/\/dzikus.com.pl\/index.php?rest_route=\/wp\/v2\/product\/1037","targetHints":{"allow":["GET"]}}],"collection":[{"href":"https:\/\/dzikus.com.pl\/index.php?rest_route=\/wp\/v2\/product"}],"about":[{"href":"https:\/\/dzikus.com.pl\/index.php?rest_route=\/wp\/v2\/types\/product"}],"wp:featuredmedia":[{"embeddable":true,"href":"https:\/\/dzikus.com.pl\/index.php?rest_route=\/wp\/v2\/media\/1038"}],"wp:attachment":[{"href":"https:\/\/dzikus.com.pl\/index.php?rest_route=%2Fwp%2Fv2%2Fmedia&parent=1037"}],"wp:term":[{"taxonomy":"product_cat","embeddable":true,"href":"https:\/\/dzikus.com.pl\/index.php?rest_route=%2Fwp%2Fv2%2Fproduct_cat&post=1037"},{"taxonomy":"product_tag","embeddable":true,"href":"https:\/\/dzikus.com.pl\/index.php?rest_route=%2Fwp%2Fv2%2Fproduct_tag&post=1037"}],"curies":[{"name":"wp","href":"https:\/\/api.w.org\/{rel}","templated":true}]}}