{"id":1034,"date":"2024-09-08T09:39:44","date_gmt":"2024-09-08T07:39:44","guid":{"rendered":"http:\/\/dzikus.com.pl\/?post_type=product&#038;p=1034"},"modified":"2024-09-08T09:40:36","modified_gmt":"2024-09-08T07:40:36","slug":"noz-mysliwski-skladany","status":"publish","type":"product","link":"https:\/\/dzikus.com.pl\/?product=noz-mysliwski-skladany","title":{"rendered":"N\u00f3\u017c my\u015bliwski sk\u0142adany"},"content":{"rendered":"<p>N\u00f3\u017c sk\u0142adany.<\/p>\n<p>Pewny i antypo\u015blizgowy chwyt no\u017ca.<\/p>\n<p>Klinga d\u0142ugo\u015bci 9,5 cm.<\/p>\n<p>Klips do paska.<\/p>\n","protected":false},"excerpt":{"rendered":"<p>N\u00f3\u017c sk\u0142adany. Pewny i antypo\u015blizgowy chwyt no\u017ca. Klinga d\u0142ugo\u015bci 9,5 [&hellip;]<\/p>\n","protected":false},"featured_media":1036,"template":"","meta":{"_acf_changed":false},"product_cat":[20],"product_tag":[98],"class_list":{"0":"post-1034","1":"product","2":"type-product","3":"status-publish","4":"has-post-thumbnail","6":"product_cat-noze","7":"product_tag-noz-mysliwski","9":"first","10":"instock","11":"taxable","12":"shipping-taxable","13":"purchasable","14":"product-type-simple"},"acf":[],"jetpack_sharing_enabled":true,"_links":{"self":[{"href":"https:\/\/dzikus.com.pl\/index.php?rest_route=\/wp\/v2\/product\/1034","targetHints":{"allow":["GET"]}}],"collection":[{"href":"https:\/\/dzikus.com.pl\/index.php?rest_route=\/wp\/v2\/product"}],"about":[{"href":"https:\/\/dzikus.com.pl\/index.php?rest_route=\/wp\/v2\/types\/product"}],"wp:featuredmedia":[{"embeddable":true,"href":"https:\/\/dzikus.com.pl\/index.php?rest_route=\/wp\/v2\/media\/1036"}],"wp:attachment":[{"href":"https:\/\/dzikus.com.pl\/index.php?rest_route=%2Fwp%2Fv2%2Fmedia&parent=1034"}],"wp:term":[{"taxonomy":"product_cat","embeddable":true,"href":"https:\/\/dzikus.com.pl\/index.php?rest_route=%2Fwp%2Fv2%2Fproduct_cat&post=1034"},{"taxonomy":"product_tag","embeddable":true,"href":"https:\/\/dzikus.com.pl\/index.php?rest_route=%2Fwp%2Fv2%2Fproduct_tag&post=1034"}],"curies":[{"name":"wp","href":"https:\/\/api.w.org\/{rel}","templated":true}]}}