{"id":1022,"date":"2024-09-07T14:19:35","date_gmt":"2024-09-07T12:19:35","guid":{"rendered":"https:\/\/dzikus.com.pl\/?post_type=product&#038;p=1022"},"modified":"2024-09-07T17:40:51","modified_gmt":"2024-09-07T15:40:51","slug":"trojnog-mysliwski-primos-trigger-stick-gen-iii-24-62","status":"publish","type":"product","link":"https:\/\/dzikus.com.pl\/?product=trojnog-mysliwski-primos-trigger-stick-gen-iii-24-62","title":{"rendered":"Tr\u00f3jn\u00f3g my\u015bliwski Primos Trigger Stick Gen III 24-62"},"content":{"rendered":"<h2 style=\"text-align: center;\">Tr\u00f3jn\u00f3g my\u015bliwski Primos Trigger Stick Gen III 24-62<\/h2>\n<p>&nbsp;<\/p>\n<p>Pastora\u0142 Priomos Trigger Stick Gen III jest praktyczny i niezawodny. Uwielbiany przez my\u015bliwych.<\/p>\n<p style=\"text-align: left;\">Trzecia generacja zosta\u0142a wyposa\u017cona w obrotow\u0105 g\u0142owic\u0119 z ergonomiczne wyprofilowanym chwytem pistoletowym, kt\u00f3ry pozwala na wygodne u\u0142o\u017cenie r\u0119ki podtrzymuj\u0105cej bro\u0144. W po\u0142\u0105czeniu z V-kszta\u0142tnymi, antypo\u015blizgowymi wide\u0142kami obejmuj\u0105cymi przedni\u0105 cz\u0119\u015b\u0107 \u0142o\u017ca, daje to wra\u017cenie pos\u0142ugiwania si\u0119 broni\u0105, jakby by\u0142a wyposa\u017cona w przedni chwyt pistoletowy.<\/p>\n<p>&nbsp;<\/p>\n<p>Szeroki widelec zako\u0144czony wewn\u0105trz mi\u0119kkimi gumowymi lamelkami\u00a0zapewnia solidne podparcie niezale\u017cnie od szeroko\u015bci i kszta\u0142tu osady.<\/p>\n<p>Primos Trigger Stick posiada automatyczne (grawitacyjne) rozsuwanie n\u00f3g oraz \u0142atwo\u015b\u0107 regulacji. Wysoko\u015b\u0107 mo\u017cna ustawi\u0107 w zasadzie jedn\u0105 r\u0119k\u0105, bez odrywania wzroku od zwierzyny, do kt\u00f3rej w\u0142a\u015bnie zamierzamy si\u0119 z\u0142o\u017cy\u0107.<\/p>\n<p>Po naci\u015bni\u0119ciu spustu, ka\u017cda noga wysuwa si\u0119 automatycznie do momentu styku z gruntem, zwolnienie spustu blokuje j\u0105 na odpowiedniej wysoko\u015bci. Tym sposobem nogi mog\u0105 mie\u0107 r\u00f3\u017cn\u0105 wysoko\u015b\u0107, dzi\u0119ki czemu pastora\u0142 stoi idealnie pionowo i stabilnie podpiera bro\u0144 w ka\u017cdych warunkach.<\/p>\n<p style=\"text-align: center;\"><strong>CHARAKTERYSTYKA:<\/strong><\/p>\n<ol>\n<li>posiada obrotow\u0105 g\u0142owic\u0119 z ergonomiczne wyprofilowanym chwytem pistoletowym,<\/li>\n<li>szeroki widelec zako\u0144czony wewn\u0105trz mi\u0119kkimi gumowymi lamelkami<\/li>\n<li>automatyczne (grawitacyjne) rozsuwanie n\u00f3g oraz \u0142atwo\u015b\u0107 regulacji.<\/li>\n<li>rozsuwanie si\u0119 ka\u017cdej z n\u00f3g, sprawdza si\u0119 na nier\u00f3wnym terenie<\/li>\n<li>V-kszta\u0142tne, antypo\u015blizgowe i obrotowe wide\u0142ki pozwalaj\u0105 na pewne podparcie broni;<\/li>\n<li>zapewnia oddanie pewnego strza\u0142u<\/li>\n<li>doskona\u0142a stabilizacja broni<\/li>\n<li>idealnie sprawdzi si\u0119 w czasie polowania z podchodu na p\u0142ochliw\u0105 zwierzyn\u0119<\/li>\n<\/ol>\n<p>&nbsp;<\/p>\n<p>&nbsp;<\/p>\n","protected":false},"excerpt":{"rendered":"<p>Tr\u00f3jn\u00f3g my\u015bliwski Primos Trigger Stick Gen III 24-62 &nbsp; Pastora\u0142 [&hellip;]<\/p>\n","protected":false},"featured_media":1032,"template":"","meta":{"_acf_changed":false},"product_cat":[61],"product_tag":[],"class_list":{"0":"post-1022","1":"product","2":"type-product","3":"status-publish","4":"has-post-thumbnail","6":"product_cat-wabiki-i-pastoraly","8":"first","9":"instock","10":"taxable","11":"shipping-taxable","12":"purchasable","13":"product-type-simple"},"acf":[],"jetpack_sharing_enabled":true,"_links":{"self":[{"href":"https:\/\/dzikus.com.pl\/index.php?rest_route=\/wp\/v2\/product\/1022","targetHints":{"allow":["GET"]}}],"collection":[{"href":"https:\/\/dzikus.com.pl\/index.php?rest_route=\/wp\/v2\/product"}],"about":[{"href":"https:\/\/dzikus.com.pl\/index.php?rest_route=\/wp\/v2\/types\/product"}],"wp:featuredmedia":[{"embeddable":true,"href":"https:\/\/dzikus.com.pl\/index.php?rest_route=\/wp\/v2\/media\/1032"}],"wp:attachment":[{"href":"https:\/\/dzikus.com.pl\/index.php?rest_route=%2Fwp%2Fv2%2Fmedia&parent=1022"}],"wp:term":[{"taxonomy":"product_cat","embeddable":true,"href":"https:\/\/dzikus.com.pl\/index.php?rest_route=%2Fwp%2Fv2%2Fproduct_cat&post=1022"},{"taxonomy":"product_tag","embeddable":true,"href":"https:\/\/dzikus.com.pl\/index.php?rest_route=%2Fwp%2Fv2%2Fproduct_tag&post=1022"}],"curies":[{"name":"wp","href":"https:\/\/api.w.org\/{rel}","templated":true}]}}