{"id":1017,"date":"2024-09-07T12:58:13","date_gmt":"2024-09-07T10:58:13","guid":{"rendered":"https:\/\/dzikus.com.pl\/?post_type=product&#038;p=1017"},"modified":"2024-09-07T12:58:13","modified_gmt":"2024-09-07T10:58:13","slug":"pess-obroza-owadobojcza","status":"publish","type":"product","link":"https:\/\/dzikus.com.pl\/?product=pess-obroza-owadobojcza","title":{"rendered":"PESS Obro\u017ca Owadob\u00f3jcza"},"content":{"rendered":"<h2 style=\"text-align: center;\">PESS Obro\u017ca Owadob\u00f3jcza<\/h2>\n<p>&nbsp;<\/p>\n<p>Obro\u017ca dla ps\u00f3w przeciw kleszczom i pch\u0142\u0105.<\/p>\n<p>Obro\u017ca jest wersj\u0105 zapachow\u0105 z olejkami eterycznymi.<\/p>\n<p>Obro\u017ca jest odporna na dzia\u0142anie wilgoci i utrzymuje si\u0119 do 4 miesi\u0119cy od momentu rozpakowania.<\/p>\n<p>&nbsp;<\/p>\n","protected":false},"excerpt":{"rendered":"<p>PESS Obro\u017ca Owadob\u00f3jcza &nbsp; Obro\u017ca dla ps\u00f3w przeciw kleszczom i [&hellip;]<\/p>\n","protected":false},"featured_media":1018,"template":"","meta":{"_acf_changed":false},"product_cat":[30],"product_tag":[],"class_list":{"0":"post-1017","1":"product","2":"type-product","3":"status-publish","4":"has-post-thumbnail","6":"product_cat-dla_psa","8":"first","9":"instock","10":"taxable","11":"shipping-taxable","12":"purchasable","13":"product-type-simple"},"acf":[],"jetpack_sharing_enabled":true,"_links":{"self":[{"href":"https:\/\/dzikus.com.pl\/index.php?rest_route=\/wp\/v2\/product\/1017","targetHints":{"allow":["GET"]}}],"collection":[{"href":"https:\/\/dzikus.com.pl\/index.php?rest_route=\/wp\/v2\/product"}],"about":[{"href":"https:\/\/dzikus.com.pl\/index.php?rest_route=\/wp\/v2\/types\/product"}],"wp:featuredmedia":[{"embeddable":true,"href":"https:\/\/dzikus.com.pl\/index.php?rest_route=\/wp\/v2\/media\/1018"}],"wp:attachment":[{"href":"https:\/\/dzikus.com.pl\/index.php?rest_route=%2Fwp%2Fv2%2Fmedia&parent=1017"}],"wp:term":[{"taxonomy":"product_cat","embeddable":true,"href":"https:\/\/dzikus.com.pl\/index.php?rest_route=%2Fwp%2Fv2%2Fproduct_cat&post=1017"},{"taxonomy":"product_tag","embeddable":true,"href":"https:\/\/dzikus.com.pl\/index.php?rest_route=%2Fwp%2Fv2%2Fproduct_tag&post=1017"}],"curies":[{"name":"wp","href":"https:\/\/api.w.org\/{rel}","templated":true}]}}